{"id":185,"date":"2021-08-13T14:58:46","date_gmt":"2021-08-13T14:58:46","guid":{"rendered":"https:\/\/ferienwohnung-hautle.ch\/?page_id=185"},"modified":"2021-08-13T14:59:03","modified_gmt":"2021-08-13T14:59:03","slug":"schlafzimmer-2","status":"publish","type":"page","link":"https:\/\/ferienwohnung-hautle.ch\/index.php\/wohnung\/schlafzimmer-2\/","title":{"rendered":"Schlafzimmer"},"content":{"rendered":"\n<figure class=\"wp-block-image\"><img loading=\"lazy\" decoding=\"async\" width=\"1024\" height=\"683\" src=\"https:\/\/ferienwohnung-hautle.ch\/wp-content\/uploads\/2021\/08\/011_FEWO_Hautle__12A0236_37_38_39_40_41_42_fused-1024x683.jpg\" alt=\"\" class=\"wp-image-119\" srcset=\"https:\/\/ferienwohnung-hautle.ch\/wp-content\/uploads\/2021\/08\/011_FEWO_Hautle__12A0236_37_38_39_40_41_42_fused-1024x683.jpg 1024w, https:\/\/ferienwohnung-hautle.ch\/wp-content\/uploads\/2021\/08\/011_FEWO_Hautle__12A0236_37_38_39_40_41_42_fused-300x200.jpg 300w, https:\/\/ferienwohnung-hautle.ch\/wp-content\/uploads\/2021\/08\/011_FEWO_Hautle__12A0236_37_38_39_40_41_42_fused-768x512.jpg 768w, https:\/\/ferienwohnung-hautle.ch\/wp-content\/uploads\/2021\/08\/011_FEWO_Hautle__12A0236_37_38_39_40_41_42_fused-1536x1024.jpg 1536w, https:\/\/ferienwohnung-hautle.ch\/wp-content\/uploads\/2021\/08\/011_FEWO_Hautle__12A0236_37_38_39_40_41_42_fused-2048x1365.jpg 2048w\" sizes=\"auto, (max-width: 1024px) 100vw, 1024px\" \/><\/figure>\n\n\n\n<h2 class=\"wp-block-heading\">Schlafzimmer:<\/h2>\n\n\n\n<ul class=\"wp-block-list\"><li>Doppelzimmer (2. Etage)<\/li><li>Bettw\u00e4sche vorhanden<\/li><li>auf Wunsch k\u00f6nnen wir Ihnen ein Kinderbett zur Verf\u00fcgung stellen<\/li><\/ul>\n\n\n\n<figure class=\"wp-block-image\"><img loading=\"lazy\" decoding=\"async\" width=\"683\" height=\"1024\" src=\"https:\/\/ferienwohnung-hautle.ch\/wp-content\/uploads\/2021\/08\/012_FEWO_Hautle__12A0285_86_87_88_89_90_fused-683x1024.jpg\" alt=\"\" class=\"wp-image-120\" srcset=\"https:\/\/ferienwohnung-hautle.ch\/wp-content\/uploads\/2021\/08\/012_FEWO_Hautle__12A0285_86_87_88_89_90_fused-683x1024.jpg 683w, https:\/\/ferienwohnung-hautle.ch\/wp-content\/uploads\/2021\/08\/012_FEWO_Hautle__12A0285_86_87_88_89_90_fused-200x300.jpg 200w, https:\/\/ferienwohnung-hautle.ch\/wp-content\/uploads\/2021\/08\/012_FEWO_Hautle__12A0285_86_87_88_89_90_fused-768x1152.jpg 768w, https:\/\/ferienwohnung-hautle.ch\/wp-content\/uploads\/2021\/08\/012_FEWO_Hautle__12A0285_86_87_88_89_90_fused-1024x1536.jpg 1024w, https:\/\/ferienwohnung-hautle.ch\/wp-content\/uploads\/2021\/08\/012_FEWO_Hautle__12A0285_86_87_88_89_90_fused-1365x2048.jpg 1365w, https:\/\/ferienwohnung-hautle.ch\/wp-content\/uploads\/2021\/08\/012_FEWO_Hautle__12A0285_86_87_88_89_90_fused-scaled.jpg 1707w\" sizes=\"auto, (max-width: 683px) 100vw, 683px\" \/><\/figure>\n\n\n\n<h2 class=\"wp-block-heading\">Schlafzimmer:<\/h2>\n\n\n\n<ul class=\"wp-block-list\"><li>Einzelzimmer (2. Etage)<\/li><li>Bettw\u00e4sche vorhanden<\/li><\/ul>\n\n\n\n<figure class=\"wp-block-image\"><img loading=\"lazy\" decoding=\"async\" width=\"1024\" height=\"683\" src=\"https:\/\/ferienwohnung-hautle.ch\/wp-content\/uploads\/2021\/08\/014_FEWO_Hautle__12A0271_2_3_4_5_6_7_fused-1024x683.jpg\" alt=\"\" class=\"wp-image-121\" srcset=\"https:\/\/ferienwohnung-hautle.ch\/wp-content\/uploads\/2021\/08\/014_FEWO_Hautle__12A0271_2_3_4_5_6_7_fused-1024x683.jpg 1024w, https:\/\/ferienwohnung-hautle.ch\/wp-content\/uploads\/2021\/08\/014_FEWO_Hautle__12A0271_2_3_4_5_6_7_fused-300x200.jpg 300w, https:\/\/ferienwohnung-hautle.ch\/wp-content\/uploads\/2021\/08\/014_FEWO_Hautle__12A0271_2_3_4_5_6_7_fused-768x512.jpg 768w, https:\/\/ferienwohnung-hautle.ch\/wp-content\/uploads\/2021\/08\/014_FEWO_Hautle__12A0271_2_3_4_5_6_7_fused-1536x1024.jpg 1536w, https:\/\/ferienwohnung-hautle.ch\/wp-content\/uploads\/2021\/08\/014_FEWO_Hautle__12A0271_2_3_4_5_6_7_fused-2048x1365.jpg 2048w\" sizes=\"auto, (max-width: 1024px) 100vw, 1024px\" \/><\/figure>\n\n\n\n<h2 class=\"wp-block-heading\">Schlafzimmer:<\/h2>\n\n\n\n<ul class=\"wp-block-list\"><li>Einzelzimmer (2. Etage)<\/li><li>Bettw\u00e4sche vorhanden<\/li><\/ul>\n\n\n\n<figure class=\"wp-block-image\"><img loading=\"lazy\" decoding=\"async\" width=\"1024\" height=\"683\" src=\"https:\/\/ferienwohnung-hautle.ch\/wp-content\/uploads\/2021\/08\/017_FEWO_Hautle__12A0401_2_3_4_5_6_fused-1024x683.jpg\" alt=\"\" class=\"wp-image-122\" srcset=\"https:\/\/ferienwohnung-hautle.ch\/wp-content\/uploads\/2021\/08\/017_FEWO_Hautle__12A0401_2_3_4_5_6_fused-1024x683.jpg 1024w, https:\/\/ferienwohnung-hautle.ch\/wp-content\/uploads\/2021\/08\/017_FEWO_Hautle__12A0401_2_3_4_5_6_fused-300x200.jpg 300w, https:\/\/ferienwohnung-hautle.ch\/wp-content\/uploads\/2021\/08\/017_FEWO_Hautle__12A0401_2_3_4_5_6_fused-768x512.jpg 768w, https:\/\/ferienwohnung-hautle.ch\/wp-content\/uploads\/2021\/08\/017_FEWO_Hautle__12A0401_2_3_4_5_6_fused-1536x1024.jpg 1536w, https:\/\/ferienwohnung-hautle.ch\/wp-content\/uploads\/2021\/08\/017_FEWO_Hautle__12A0401_2_3_4_5_6_fused-2048x1365.jpg 2048w\" sizes=\"auto, (max-width: 1024px) 100vw, 1024px\" \/><\/figure>\n\n\n\n<h2 class=\"wp-block-heading\">Schlafzimmer:<\/h2>\n\n\n\n<ul class=\"wp-block-list\"><li>Schlafzimmer (Dachgeschoss)<\/li><li>Doppelbett<\/li><li>auf Wunsch mit zus\u00e4tzlichem Einzelbett<\/li><li>Bettw\u00e4sche vorhanden<\/li><\/ul>\n\n\n\n<p><\/p>\n","protected":false},"excerpt":{"rendered":"<p>Schlafzimmer: Doppelzimmer (2. Etage) Bettw\u00e4sche vorhanden auf Wunsch k\u00f6nnen wir Ihnen ein Kinderbett zur Verf\u00fcgung stellen Schlafzimmer: Einzelzimmer (2. Etage) Bettw\u00e4sche vorhanden Schlafzimmer: Einzelzimmer (2. Etage) Bettw\u00e4sche vorhanden Schlafzimmer: Schlafzimmer (Dachgeschoss) Doppelbett auf Wunsch mit zus\u00e4tzlichem Einzelbett Bettw\u00e4sche vorhanden<\/p>\n","protected":false},"author":1,"featured_media":0,"parent":22,"menu_order":0,"comment_status":"closed","ping_status":"closed","template":"","meta":{"footnotes":""},"class_list":["post-185","page","type-page","status-publish","hentry"],"_links":{"self":[{"href":"https:\/\/ferienwohnung-hautle.ch\/index.php\/wp-json\/wp\/v2\/pages\/185","targetHints":{"allow":["GET"]}}],"collection":[{"href":"https:\/\/ferienwohnung-hautle.ch\/index.php\/wp-json\/wp\/v2\/pages"}],"about":[{"href":"https:\/\/ferienwohnung-hautle.ch\/index.php\/wp-json\/wp\/v2\/types\/page"}],"author":[{"embeddable":true,"href":"https:\/\/ferienwohnung-hautle.ch\/index.php\/wp-json\/wp\/v2\/users\/1"}],"replies":[{"embeddable":true,"href":"https:\/\/ferienwohnung-hautle.ch\/index.php\/wp-json\/wp\/v2\/comments?post=185"}],"version-history":[{"count":1,"href":"https:\/\/ferienwohnung-hautle.ch\/index.php\/wp-json\/wp\/v2\/pages\/185\/revisions"}],"predecessor-version":[{"id":186,"href":"https:\/\/ferienwohnung-hautle.ch\/index.php\/wp-json\/wp\/v2\/pages\/185\/revisions\/186"}],"up":[{"embeddable":true,"href":"https:\/\/ferienwohnung-hautle.ch\/index.php\/wp-json\/wp\/v2\/pages\/22"}],"wp:attachment":[{"href":"https:\/\/ferienwohnung-hautle.ch\/index.php\/wp-json\/wp\/v2\/media?parent=185"}],"curies":[{"name":"wp","href":"https:\/\/api.w.org\/{rel}","templated":true}]}}