{"id":14,"date":"2021-08-03T18:11:25","date_gmt":"2021-08-03T18:11:25","guid":{"rendered":"https:\/\/ferienwohnung-hautle.ch\/?page_id=14"},"modified":"2021-08-03T21:30:32","modified_gmt":"2021-08-03T21:30:32","slug":"neuigkeiten","status":"publish","type":"page","link":"https:\/\/ferienwohnung-hautle.ch\/index.php\/neuigkeiten\/","title":{"rendered":"Neuigkeiten"},"content":{"rendered":"\n<h1 class=\"wp-block-heading\">Appenzeller Ferienkarte<\/h1>\n\n\n\n<p>Feriengl\u00fcck pur! Wer drei aufeinander folgende N\u00e4chte oder l\u00e4nger beim gleichen Beherberger in Appenzell und Umgebung n\u00e4chtigt, kommt in den Genuss der Appenzeller Ferienkarte. Die meisten Hotels, Berggasth\u00e4user, Ferienwohnungen und Bed &amp; Breakfast-Betriebe geben Ihnen die Karte ab. Fragen Sie bei Ihrer Reservation nach der Appenzeller Ferienkarte und geniessen Sie Ihren Aufenthalt im Appenzellerland. Unkompliziert, grossz\u00fcgig, nat\u00fcrlich, \u00fcberraschend, echt und gastfreundlich&nbsp;&#8211; eben Appenzell.<\/p>\n\n\n\n<h2 class=\"wp-block-heading\">SIE PROFITIEREN VON \u00dcBER 20 GRATIS-ANGEBOTEN:<\/h2>\n\n\n\n<h4 class=\"wp-block-heading\">ANGEBOTE VON JANUAR BIS DEZEMBER:<\/h4>\n\n\n\n<ul class=\"wp-block-list\"><li><a href=\"https:\/\/www.appenzell.ch\/fileadmin\/template_appenzell\/user_upload\/01_Bilder\/01_Unterkuenfte\/Appenzeller_Ferienkarte\/Zonenplan_OTV_2019.pdf\" target=\"_blank\" rel=\"noreferrer noopener\"><strong>Tarifverbund OSTWIND<\/strong><\/a>, freie Fahrt in 15 Zonen um Appenzell, g\u00fcltig im \u00d6V der 2. Klasse (siehe Zonenplan)<\/li><li><strong><a href=\"https:\/\/www.appenzell.ch\/de\/footer\/anreise\/oeffentliche-verkehrsmittel.html?tx_wstourismus_tourismus%5Baction%5D=show&amp;tx_wstourismus_tourismus%5Bcontroller%5D=Traffic&amp;tx_wstourismus_tourismus%5Btraffic%5D=11&amp;cHash=89b6d2cca1dc821878a4e1ff0a14749f\" target=\"_blank\" rel=\"noreferrer noopener\">PubliCar<\/a><\/strong>, freie Fahrt (exkl. Zuschlag CHF 5.-), Tel. +41 848 55 30 60<\/li><li><a href=\"https:\/\/www.appenzell.ch\/de\/alpstein\/bergbahnen\/luftseilbahn-wasserauen-ebenalp.html\" target=\"_blank\" rel=\"noreferrer noopener\"><strong>Luftseilbahn Wasserauen\u2013Ebenalp<\/strong><\/a>, 2 Fahrten.<\/li><li><a href=\"https:\/\/www.appenzell.ch\/de\/alpstein\/bergbahnen\/hoher-kasten-drehrestaurant-und-seilbahn-ag.html\" target=\"_blank\" rel=\"noreferrer noopener\"><strong>Hoher Kasten Drehrestaurant und Seilbahn<\/strong><\/a>, 2 Fahrten.<\/li><li><strong><a href=\"https:\/\/www.appenzell.ch\/de\/alpstein\/bergbahnen\/kronberg-luftseilbahn.html\" target=\"_blank\" rel=\"noreferrer noopener\">Luftseilbahn Jakobsbad\u2013Kronberg<\/a><\/strong>, 2 Fahrten.<\/li><li><a href=\"https:\/\/www.appenzell.ch\/de\/kultur-und-braeuche\/museen\/museum-appenzell.html\" target=\"_blank\" rel=\"noreferrer noopener\"><strong>Museum Appenzell<\/strong><\/a>, freier Eintritt.<\/li><li><a href=\"https:\/\/www.appenzell.ch\/de\/kultur-und-braeuche\/museen\/kunstmuseum-appenzell.html\" target=\"_blank\" rel=\"noreferrer noopener\"><strong>Kunstmuseum Appenzell<\/strong><\/a>, freier Eintritt.<\/li><li><a href=\"https:\/\/www.appenzell.ch\/de\/kultur-und-braeuche\/museen\/kunsthalle-ziegelhuette.html\" target=\"_blank\" rel=\"noreferrer noopener\"><strong>Kunsthalle Ziegelh\u00fctte<\/strong><\/a>, freier Eintritt.<\/li><li><a href=\"http:\/\/www.museum-urnaesch.ch\/home.html\" target=\"_blank\" rel=\"noreferrer noopener\"><strong>Appenzeller Brauchtumsmuseum Urn\u00e4sch<\/strong><\/a>, freier Eintritt.<\/li><li><strong><a href=\"https:\/\/www.museen-im-appenzellerland.ch\/museen\/appenzeller-volkskunde-museum-stein\" target=\"_blank\" rel=\"noreferrer noopener\">Appenzeller Volkskunde-Museum Stein<\/a><\/strong>, freier Eintritt.<\/li><li><a href=\"https:\/\/www.appenzell.ch\/de\/wandern-und-aktiv\/sportliche-aktivitaeten\/tennis-squash.html\" target=\"_blank\" rel=\"noreferrer noopener\"><strong>Tennishalle Appenzell<\/strong><\/a>, einmalige Benutzung, Reservation unter Tel. +41 71 788 30 77<\/li><li><a href=\"https:\/\/schaukaeserei.ch\/\" target=\"_blank\" rel=\"noreferrer noopener\"><strong>Appenzeller Schauk\u00e4serei Stein AR<\/strong><\/a>, freier Eintritt in den Schaubereich.<\/li><li><strong><a href=\"https:\/\/www.appenzell.ch\/de\/dorf-appenzell\/einkaufen-in-appenzell\/ladengeschaefte\/appenzeller-kaeseladen.html\" target=\"_blank\" rel=\"noreferrer noopener\">Appenzeller\u00ae K\u00e4seladen, Salesis<\/a>,<\/strong>&nbsp;1 traditionelles Appenzeller\u00ae Geschirrtuch.<\/li><li><strong><a href=\"http:\/\/www.flauderei.ch\/\" target=\"_blank\" rel=\"noreferrer noopener\">Flauderei Appenzell<\/a><\/strong>, 1 Getr\u00e4nk nach Wahl.<\/li><li><a href=\"https:\/\/www.frischloft.ch\/\" target=\"_blank\" rel=\"noreferrer noopener\"><strong>Frischloft Coworking Space Appenzell<\/strong><\/a>, 1 Tag einen gratis Arbeitsplatz Tel.+41 78 410 37 67<\/li><\/ul>\n\n\n\n<p><\/p>\n\n\n\n<h4 class=\"wp-block-heading\">ZUS\u00c4TZLICHE ANGEBOTE VON APRIL BIS OKTOBER:<\/h4>\n\n\n\n<ul class=\"wp-block-list\"><li><strong><a rel=\"noreferrer noopener\" href=\"https:\/\/www.appenzell.ch\/de\/service\/freizeitanbieter\/brauerei-locher-ag.html\" target=\"_blank\">Brauerei Locher AG<\/a>,&nbsp;<\/strong>Im Besucherzentrum \u00abBrauqu\u00f6ll Appenzell\u00bb: eine gratis Bier-Degustation jeweils montags, 13.00 Uhr oder ein gratis Appenzeller Bier zum Mitnehmen, an jedem beliebigen Tag (siehe \u00d6ffnungszeiten)<\/li><li><strong><a rel=\"noreferrer noopener\" href=\"https:\/\/www.appenzell.ch\/de\/dorf-appenzell\/einkaufen-in-appenzell\/ladengeschaefte\/kyboot-shop-appenzell.html\" target=\"_blank\">kyBoot Shop Appenzell<\/a><\/strong>, 1 Tag kyBoot-Probierschuh<\/li><li><strong><a rel=\"noreferrer noopener\" href=\"https:\/\/www.appenzell.ch\/de\/dorf-appenzell\/einkaufen-in-appenzell\/ladengeschaefte\/sport-baumann.html\" target=\"_blank\">Sport Baumann Appenzell<\/a><\/strong>, 1 Tag Wander-Probierschuh<\/li><li><a rel=\"noreferrer noopener\" href=\"https:\/\/www.appenzell.ch\/de\/sommer\/gesundheit-und-wellness\/baeder\/appenzeller-badi.html\" target=\"_blank\"><strong>Appenzeller Badi<\/strong><\/a>, freier Eintritt.<\/li><li><a rel=\"noreferrer noopener\" href=\"https:\/\/www.appenzell.ch\/de\/service\/angebote\/kronberg-bobbahn.html\" target=\"_blank\"><strong>Rodelbahn Jakobsbad<\/strong><\/a>, 1 Fahrt.<\/li><li><strong><a rel=\"noreferrer noopener\" href=\"https:\/\/www.appenzell.ch\/de\/sommer\/velo-e-bike-mountainbike\/vermietung.html\" target=\"_blank\">Veloverleih<\/a><\/strong>, einmal gratis Veloverleih gegen ein Depot, (E-Bike, MTB oder City-Bike). Ausnahme Appenzeller Bahnen<br>Ausgenommen Sonntags:<br>\u00b7 Dani\u2019s Velolade<br>Tel. +41 71 787 25 35<br>\u00b7 Neff Zweirad<br>Tel. +41 71 787 34 77<br>\u00b7 Stefan Gollino<br>Tel. +41 71 787 48 38<br>\u00b7 H &amp; G Motos Appenzell<br>Tel. +41 71 787 80 08<\/li><\/ul>\n\n\n\n<h4 class=\"wp-block-heading\">ZUS\u00c4TZLICHE ANGEBOTE VON NOVEMBER BIS M\u00c4RZ:<\/h4>\n\n\n\n<ul class=\"wp-block-list\"><li><a href=\"http:\/\/yoga-appenzell.ch\/\" target=\"_blank\" rel=\"noreferrer noopener\"><strong>Yoga-Lektion<\/strong><\/a>, 1 Gratislektion&nbsp;jeweils dienstags, Anmeldung bei der Tourist Information.<\/li><li><strong><a href=\"https:\/\/www.appenzell.ch\/de\/service\/freizeitanbieter\/schlitten-vermietung-der-appenzeller-bahnen.html\" target=\"_blank\" rel=\"noreferrer noopener\">Schlittenverleih<\/a><\/strong>, 1 Tag gratis Schlittenmiete gegen ein Depot beim Bahnhof Appenzell.<\/li><li><a href=\"https:\/\/www.appenzell.ch\/de\/winter\/langlaufen\/loipen.html?tx_wstourismus_tourismus%5BfreetimeProvider%5D=35&amp;cHash=e5b28e5dc99d5ee70a3eec067a809d46\" target=\"_blank\" rel=\"noreferrer noopener\"><strong>Langlaufskiverleih<\/strong><\/a>, 1 Tag gratis Langlaufskimiete gegen ein Depot (Tel. +41 71 794 14 14).<\/li><li><strong><a href=\"https:\/\/www.appenzell.ch\/de\/winter\/schlittschuhlaufen\/eisbahnen\/natureisbahn-glandenstein-weissbad.html\" target=\"_blank\" rel=\"noreferrer noopener\">Schlittschuhverleih<\/a><\/strong>, Gratis-Schlittschuhmiete bei der Natureisbahn in Weissbad.<\/li><li><strong><a href=\"https:\/\/www.appenzell.ch\/de\/service\/freizeitanbieter\/brauerei-locher-ag.html\" target=\"_blank\" rel=\"noreferrer noopener\">Brauerei Locher AG<\/a><\/strong>, 1 gratis Gl\u00fchbier im Besucherzentrum \u00abBrauqu\u00f6ll Appenzell\u00bb der Brauerei Locher AG.<\/li><li><strong><a href=\"https:\/\/www.appenzell.ch\/de\/winter\/skifahren\/skischulen\/schneesportschule-schwende.html\" target=\"_blank\" rel=\"noreferrer noopener\">Kinder-Skiunterricht<\/a><\/strong>, gratis Gruppenskiunterricht f\u00fcr Kinder bis 12 Jahre, exkl. Skibilett, w\u00e4hrend der gesamten Dauer Ihres Aufenthalts, ausgenommen Sonntags. Anmeldung unter Tel.+41 79 623 03 54<\/li><li><strong><a href=\"https:\/\/www.appenzell.ch\/de\/winter\/skifahren\/nachtskifahren.html\" target=\"_blank\" rel=\"noreferrer noopener\">Skilift Horn<\/a><\/strong>, 1 gratis Abendskikarte, jeweils Dienstags und Freitags.<\/li><li><strong><a href=\"https:\/\/www.appenzell.ch\/de\/winter\/skifahren\/skilifte\/skilift-alpsteinblick.html\" target=\"_blank\" rel=\"noreferrer noopener\">Skilift Alpsteinblick Gonten<\/a><\/strong>, 1 gratis Halbtages-Skikarte<\/li><li><strong><a href=\"https:\/\/www.appenzell.ch\/de\/winter\/schneeschuhlaufen\/schneeschuh-vermietung.html\">Schneeschuhverleih<\/a><\/strong>, 1 Tag gratis Schneeschuhe und St\u00f6cke gegen ein Depot.<\/li><\/ul>\n\n\n\n<p><\/p>\n\n\n\n<p>Weitere Informationen finden Sie unter folgendem Link:<\/p>\n\n\n\n<p><a href=\"https:\/\/www.appenzell.ch\/de\/unterkunft\/appenzeller-ferienkarte.html\">https:\/\/www.appenzell.ch\/de\/unterkunft\/appenzeller-ferienkarte.html<\/a><\/p>\n\n\n\n<p><\/p>\n","protected":false},"excerpt":{"rendered":"<p>Appenzeller Ferienkarte Feriengl\u00fcck pur! Wer drei aufeinander folgende N\u00e4chte oder l\u00e4nger beim gleichen Beherberger in Appenzell und Umgebung n\u00e4chtigt, kommt in den Genuss der Appenzeller Ferienkarte. Die meisten Hotels, Berggasth\u00e4user, Ferienwohnungen und Bed &amp; Breakfast-Betriebe geben Ihnen die Karte ab. Fragen Sie bei Ihrer Reservation nach der Appenzeller Ferienkarte und geniessen Sie Ihren Aufenthalt im<\/p>\n<p><a href=\"https:\/\/ferienwohnung-hautle.ch\/index.php\/neuigkeiten\/\" class=\"more-link themebutton\">Read More<\/a><\/p>\n","protected":false},"author":1,"featured_media":0,"parent":0,"menu_order":0,"comment_status":"closed","ping_status":"closed","template":"","meta":{"footnotes":""},"class_list":["post-14","page","type-page","status-publish","hentry"],"_links":{"self":[{"href":"https:\/\/ferienwohnung-hautle.ch\/index.php\/wp-json\/wp\/v2\/pages\/14","targetHints":{"allow":["GET"]}}],"collection":[{"href":"https:\/\/ferienwohnung-hautle.ch\/index.php\/wp-json\/wp\/v2\/pages"}],"about":[{"href":"https:\/\/ferienwohnung-hautle.ch\/index.php\/wp-json\/wp\/v2\/types\/page"}],"author":[{"embeddable":true,"href":"https:\/\/ferienwohnung-hautle.ch\/index.php\/wp-json\/wp\/v2\/users\/1"}],"replies":[{"embeddable":true,"href":"https:\/\/ferienwohnung-hautle.ch\/index.php\/wp-json\/wp\/v2\/comments?post=14"}],"version-history":[{"count":4,"href":"https:\/\/ferienwohnung-hautle.ch\/index.php\/wp-json\/wp\/v2\/pages\/14\/revisions"}],"predecessor-version":[{"id":143,"href":"https:\/\/ferienwohnung-hautle.ch\/index.php\/wp-json\/wp\/v2\/pages\/14\/revisions\/143"}],"wp:attachment":[{"href":"https:\/\/ferienwohnung-hautle.ch\/index.php\/wp-json\/wp\/v2\/media?parent=14"}],"curies":[{"name":"wp","href":"https:\/\/api.w.org\/{rel}","templated":true}]}}